tors of 43792317.
3, 449, 10837
List the prime factors of 167996193.
3, 17, 103, 31981
What are the prime factors of 15491720?
2, 5, 251, 1543
List the prime factors of 3250371.
3, 67, 103, 157
List the prime factors of 936593882.
2, 7, 66899563
List the prime factors of 2894418026.
2, 23, 73, 861947
What are the prime factors of 22337256?
2, 3, 930719
List the prime factors of 63439424.
2, 769, 1289
What are the prime factors of 107215832?
2, 577, 23227
List the prime factors of 158303661.
3, 47, 1122721
List the prime factors of 533802249.
3, 2917, 20333
What are the prime factors of 28181528?
2, 563, 6257
What are the prime factors of 200207014?
2, 7, 79, 181019
What are the prime factors of 43274566?
2, 173, 181, 691
List the prime factors of 110121235.
5, 7, 47, 66943
List the prime factors of 116965022.
2, 59, 991229
List the prime factors of 291371613.
3, 13, 23, 29, 487
List the prime factors of 2398624294.
2, 11, 2549, 42773
What are the prime factors of 912406617?
3, 101378513
List the prime factors of 490370009.
281, 673, 2593
List the prime factors of 19967810.
2, 5, 1996781
List the prime factors of 2787657626.
2, 13, 37, 307, 9439
List the prime factors of 331566631.
11, 41, 735181
What are the prime factors of 2086982095?
5, 11, 37945129
What are the prime factors of 1212636600?
2, 3, 5, 7, 157, 613
List the prime factors of 440146467.
3, 5433907
What are the prime factors of 176253682?
2, 11, 73, 907
List the prime factors of 550372484.
2, 17, 37, 218749
List the prime factors of 316260353.
127, 2490239
What are the prime factors of 1083355?
5, 7, 13, 2381
What are the prime factors of 1909111680?
2, 3, 5, 7, 5261
List the prime factors of 354113103.
3, 59, 2000639
What are the prime factors of 361183260?
2, 3, 5, 23, 79, 3313
What are the prime factors of 990926695?
5, 11, 157, 114757
List the prime factors of 430070528.
2, 1679963
What are the prime factors of 22293459?
3, 2477051
What are the prime factors of 359418852?
2, 3, 13, 647, 1187
What are the prime factors of 89225469?
3, 17, 21599
List the prime factors of 119544503.
13, 9195731
What are the prime factors of 80869777?
29, 1523, 1831
List the prime factors of 123697053.
3, 263, 52259
List the prime factors of 201880590.
2, 3, 5, 967, 6959
List the prime factors of 43703465.
5, 13, 197, 3413
List the prime factors of 36829776.
2, 3, 767287
What are the prime factors of 503113786?
2, 7, 107, 335857
What are the prime factors of 83827141?
59, 73, 19463
What are the prime factors of 63401842?
2, 7, 4528703
List the prime factors of 1907442385.
5, 41, 653, 14249
What are the prime factors of 59737158?
2, 3, 13, 29, 8803
List the prime factors of 328199207.
7, 956849
What are the prime factors of 99330320?
2, 5, 17, 73037
List the prime factors of 133467455.
5, 11, 137, 17713
List the prime factors of 54971305.
5, 10994261
List the prime factors of 6490448931.
3, 59, 503, 72901
List the prime factors of 241610306.
2, 7, 17257879
What are the prime factors of 172031115?
3, 5, 103, 111347
What are the prime factors of 249956993?
11, 13, 1747951
What are the prime factors of 851740401?
3, 9103, 31189
What are the prime factors of 133246584?
2, 3, 613, 3019
List the prime factors of 545604356.
2, 11, 2083, 5953
What are the prime factors of 413170729?
73, 5659873
What are the prime factors of 606435495?
3, 5, 71, 569423
What are the prime factors of 2363967596?
2, 29, 20379031
What are the prime factors of 2139189136?
2, 7, 19099903
What are the prime factors of 654695671?
7, 113, 827681
List the prime factors of 1020765310.
2, 5, 19, 5372449
What are the prime factors of 2295792099?
3, 197, 431621
List the prime factors of 379453898.
2, 59, 3215711
What are the prime factors of 602883362?
2, 4507, 66883
What are the prime factors of 140420591?
140420591
List the prime factors of 79138057.
59, 1341323
What are the prime factors of 50444973?
3, 5604997
List the prime factors of 61855331.
157, 487, 809
List the prime factors of 236463079.
233, 1014863
List the prime factors of 57529804.
2, 53, 271367
What are the prime factors of 39578218?
2, 83, 238423
What are the prime factors of 833925243?
3, 317, 876893
What are the prime factors of 42660595?
5, 29, 294211
What are the prime factors of 204255120?
2, 3, 5, 29, 29347
List the prime factors of 351184000.
2, 5, 47, 467
List the prime factors of 255239976.
2, 3, 997, 10667
List the prime factors of 178816387.
17, 347, 30313
List the prime factors of 169387671.
3, 47, 523, 2297
What are the prime factors of 364847631?
3, 121615877
What are the prime factors of 1803256297?
1803256297
What are the prime factors of 8012311289?
8012311289
List the prime factors of 169981550.
2, 5, 3399631
What are the prime factors of 2237790404?
2, 151, 3704951
What are the prime factors of 151469317?
31, 347, 14081
What are the prime factors of 203080418?
2, 53, 1915853
What are the prime factors of 502821878?
2, 13, 19339303
What are the prime factors of 3197623279?
17, 188095487
List the prime factors of 16174076.
2, 4043519
What are the prime factors of 1745141990?
2, 5, 29, 6017731
What are the prime factors of 446074330?
2, 5, 13, 811, 4231
List the prime factors of 1027773178.
2, 137, 3750997
List the prime factors of 937717230.
2, 3, 5, 223, 140167
What are the prime factors of 2261889972?
2, 3, 881, 71317
What are the prime factors of 3819995690?
2, 5, 7, 787, 69341
List the prime factors of 3518873581.
31, 887, 127973
List the prime factors of 491713904.
2, 11, 941, 2969
What are the prime factors of 3590689797?
3, 613, 216947
List the prime factors of 693278072.
2, 4679, 18521
List the prime factors of 550592687.
10939, 50333
What are the prime factors of 259372624?
2, 7, 257, 9011
What are the prime factors of 1680619696?
2, 7, 191, 251, 313
List the prime factors of 226963918.
2, 29, 3913171
List the prime factors of 332784834.
2, 3, 55464139
What are the prime factors of 15341302?
2, 2017, 3803
What are the prime factors of 217591221?
3, 6907, 10501
What are the prime factors of 245862216?
2, 3, 379417
What are the prime factors of 527356986?
2, 3, 13, 59, 114593
List the prime factors of 44117289.
3, 23, 67, 3181
What are the prime factors of 1572133747?
9973, 157639
List the prime factors of 634104907.
31, 3319, 6163
What are the prime factors of 255682796?
2, 63920699
What are the prime factors of 30866561?
11, 43, 65257
What are the prime factors of 2223829?
2223829
List the prime factors of 175305615.
3, 5, 17, 687473
What are the prime factors of 84705634?
2, 13, 1217, 2677
What are the prime factors of 224156832?
2, 3, 17, 19, 7229
List the prime factors of 4620722230.
2, 5, 17, 27180719
What are the prime factors of 6725919301?
79, 383, 222293
List the prime factors of 310572621.
3, 79, 436811
List the prime factors of 945054523.
7, 29, 95009
What are the prime factors of 2172854829?
3, 724284943
List the prime factors of 271679710.
2, 5, 27167971
List the prime factors of 10335746.
2, 1291, 4003
What are the prime factors of 135175415?
5, 17, 139, 673
What are the prime factors of 740661461?
7591, 97571
What are the prime factors of 31482132?
2, 3, 11, 79, 3019
List the prime factors of 105401092.
2, 26350273
What are the prime factors of 1243618975?
5, 49744759
What are the prime factors of 22067945?
5, 4413589
List the prime factors of 756687835.
5, 31, 197, 24781
List the prime factors of 63502063.
3733, 17011
What are the prime factors of 7730995061?
54139, 142799
List the prime factors of 2501187741.
3, 13, 563, 4219
List the prime factors of 1879408944.
2, 3, 7, 73, 25541
What are the prime factors of 57778571?
37, 103, 15161
What are the prime factors of 2088123?
3, 43, 16187
What are the prime factors of 58954628?
2, 151, 97607
What are the prime factors of 240649258?
2, 37, 3252017
What are the prime factors of 377134476?
2, 3, 31427873
List the prime factors of 71421861.
3, 7, 31, 2239
What are the prime factors of 14709681?
3, 7, 25943
List the prime factors of 269788522.
2, 223, 604907
List the prime factors of 396153499.
7, 17, 1609, 2069
What are the prime factors of 60786955?
5, 12157391
List the prime factors of 28986933.
3, 9662311
List the prime factors of 14769908.
2, 3692477
What are the prime factor